{"id":173,"date":"2023-12-29T13:41:57","date_gmt":"2023-12-29T13:41:57","guid":{"rendered":"https:\/\/dev.vdtarn.fr\/?post_type=hebergement&#038;p=173"},"modified":"2026-02-10T15:33:03","modified_gmt":"2026-02-10T14:33:03","slug":"chalet-verdon","status":"publish","type":"hebergement","link":"https:\/\/www.auxvallons.fr\/en\/hebergement\/chalet-verdon\/","title":{"rendered":"Chalet Cosy avec Climatisation (linge inclus)"},"content":{"rendered":"<h2 class=\"wp-block-heading\">Family chalet rental on the shores of Lac de Sainte Croix<\/h2>\n\n\n\n<h3 class=\"wp-block-heading\">27 m\u00b2 with air conditioning + 13 m\u00b2 covered terrace - sleeps 4 \/ 2 bedrooms + TV<\/h3>\n\n\n\n<ul class=\"wp-block-list\" data-block-type=\"core\">\n<li data-block-type=\"core\">Large, bright living room&nbsp;<strong>with air conditioning<\/strong><\/li>\n\n\n\n<li data-block-type=\"core\"><strong>Draps et serviettes fournis<\/strong><\/li>\n\n\n\n<li data-block-type=\"core\">Fitted kitchen area with 4-burner gas hob, microwave, fridge-freezer<\/li>\n\n\n\n<li data-block-type=\"core\">Filter coffee machine and <strong>espresso<\/strong>tableware<\/li>\n\n\n\n<li data-block-type=\"core\">Living room with sofa, electric heating<\/li>\n\n\n\n<li data-block-type=\"core\">Television<\/li>\n\n\n\n<li data-block-type=\"core\">1 bedroom with double bed (140\/190), duvet and pillows<\/li>\n\n\n\n<li data-block-type=\"core\">1 bedroom with two 80\/190 beds, duvets and pillows<\/li>\n\n\n\n<li data-block-type=\"core\">Bathroom, separate WC<\/li>\n\n\n\n<li data-block-type=\"core\">Covered terrace with garden furniture and 2 sun loungers<\/li>\n<\/ul>\n\n\n\n<p data-block-type=\"core\"><strong>Draps et linge de maison fournis<\/strong><br><\/p>\n\n\n\n<p data-block-type=\"core\"><br><strong><em>ARRIVAL ON SUNDAY IN JULY AND AUGUST<\/em><\/strong><a href=\"https:\/\/www.auxvallons.fr\/en\/accommodation\/chalet-verdon\/\" target=\"_blank\" rel=\"noreferrer noopener\"><\/a><\/p>\n\n\n\n<p data-block-type=\"core\"><em>Chalet rental Haut Var - Lac de Sainte croix<\/em><\/p>\n\n\n\n<div class=\"wp-block-stackable-button-group stk-block-button-group stk-block stk-e8e3d2a\" data-block-id=\"e8e3d2a\" data-block-type=\"core\"><div class=\"stk-row stk-inner-blocks has-text-align-left stk-block-content stk-button-group\">\n<div class=\"wp-block-stackable-button stk-block-button has-text-align-center stk-block stk-9829ca5\" data-block-id=\"9829ca5\"><style>.stk-9829ca5 {min-height:0px !important;margin-top:11px !important;}.stk-9829ca5 .stk-button{min-height:64px !important;padding-right:28px !important;padding-left:28px !important;background:#e5e6d8 !important;border-top-left-radius:38px !important;border-top-right-radius:38px !important;border-bottom-right-radius:38px !important;border-bottom-left-radius:38px !important;}.stk-9829ca5 .stk-button .stk--inner-svg svg:last-child{height:29px !important;width:29px !important;}.stk-9829ca5 .stk-button .stk--inner-svg svg:last-child, .stk-9829ca5 .stk-button .stk--inner-svg svg:last-child :is(g, path, rect, polygon, ellipse){fill:#535446 !important;}.stk-9829ca5 .stk-button__inner-text{color:#535446 !important;text-transform:uppercase !important;font-family:\"Crete Round\", Sans-serif !important;}<\/style><a class=\"stk-link stk-button stk--hover-effect-lift\" href=\"\/en\/rentals-verdon-83\/\"><span class=\"has-text-color stk-button__inner-text\">BACK TO ACCOMMODATION<\/span><span class=\"stk--svg-wrapper\"><div class=\"stk--inner-svg\"><svg xmlns=\"http:\/\/www.w3.org\/2000\/svg\" viewbox=\"0 0 512 512\" aria-hidden=\"true\" width=\"32\" height=\"32\"><path d=\"M512 256A256 256 0 1 0 0 256a256 256 0 1 0 512 0zM271 135c9.4-9.4 24.6-9.4 33.9 0s9.4 24.6 0 33.9l-87 87 87 87c9.4 9.4 9.4 24.6 0 33.9s-24.6 9.4-33.9 0L167 273c-9.4-9.4-9.4-24.6 0-33.9L271 135z\"><\/path><\/svg><\/div><\/span><\/a><\/div>\n<\/div><\/div>","protected":false},"featured_media":3259,"template":"wp-custom-template-page-h-bergement","meta":{"_acf_changed":false,"_seopress_robots_primary_cat":"","_seopress_titles_title":"Location Chalet dans le Verdon 4 personnes - camping Haut Var","_seopress_titles_desc":"R\u00e9servez votre chalet avec climatisation dans le Verdon pour 4 personnes au bord du lac de Sainte Croix au camping Aux Vallons*** \u00e0 Bauduen. Entr\u00e9e des Gorges-cano\u00eb","_seopress_robots_index":"","_vp_format_video_url":"","_vp_image_focal_point":[]},"gamme":[21],"class_list":["post-173","hebergement","type-hebergement","status-publish","has-post-thumbnail","hentry","gamme-chalets"],"acf":[],"_links":{"self":[{"href":"https:\/\/www.auxvallons.fr\/en\/wp-json\/wp\/v2\/hebergement\/173","targetHints":{"allow":["GET"]}}],"collection":[{"href":"https:\/\/www.auxvallons.fr\/en\/wp-json\/wp\/v2\/hebergement"}],"about":[{"href":"https:\/\/www.auxvallons.fr\/en\/wp-json\/wp\/v2\/types\/hebergement"}],"wp:featuredmedia":[{"embeddable":true,"href":"https:\/\/www.auxvallons.fr\/en\/wp-json\/wp\/v2\/media\/3259"}],"wp:attachment":[{"href":"https:\/\/www.auxvallons.fr\/en\/wp-json\/wp\/v2\/media?parent=173"}],"wp:term":[{"taxonomy":"gamme","embeddable":true,"href":"https:\/\/www.auxvallons.fr\/en\/wp-json\/wp\/v2\/gamme?post=173"}],"curies":[{"name":"wp","href":"https:\/\/api.w.org\/{rel}","templated":true}]}}

Réservez votre chalet avec climatisation dans le Verdon pour 4 personnes au bord du lac de Sainte Croix au camping Aux Vallons*** à Bauduen. Entrée des Gorges-canoë
